{"id":2920,"date":"2025-11-12T19:14:38","date_gmt":"2025-11-13T00:14:38","guid":{"rendered":"https:\/\/sites.bc.edu\/latin-commentary\/?page_id=2920"},"modified":"2025-12-13T20:53:23","modified_gmt":"2025-12-14T01:53:23","slug":"5-20","status":"publish","type":"page","link":"https:\/\/sites.bc.edu\/latin-commentary\/5-20\/","title":{"rendered":"5.20"},"content":{"rendered":"\n<figure class=\"wp-block-image alignfull size-large\"><img loading=\"lazy\" decoding=\"async\" width=\"1280\" height=\"85\" src=\"http:\/\/sites.bc.edu\/latin-commentary\/wp-content\/uploads\/sites\/201\/2023\/05\/academic-dept-default.jpeg\" alt=\"\" class=\"wp-image-2384\" srcset=\"https:\/\/sites.bc.edu\/latin-commentary\/wp-content\/uploads\/sites\/201\/2023\/05\/academic-dept-default.jpeg 1280w, https:\/\/sites.bc.edu\/latin-commentary\/wp-content\/uploads\/sites\/201\/2023\/05\/academic-dept-default-300x20.jpeg 300w, https:\/\/sites.bc.edu\/latin-commentary\/wp-content\/uploads\/sites\/201\/2023\/05\/academic-dept-default-1024x68.jpeg 1024w, https:\/\/sites.bc.edu\/latin-commentary\/wp-content\/uploads\/sites\/201\/2023\/05\/academic-dept-default-768x51.jpeg 768w\" sizes=\"auto, (max-width: 1280px) 100vw, 1280px\" \/><\/figure>\n\n\n\n<div style=\"height:63px\" aria-hidden=\"true\" class=\"wp-block-spacer mt-0\"><\/div>\n\n\n\n<h2 class=\"wp-block-heading has-text-align-left\">5.20<\/h2>\n\n\n\n<div class=\"wp-block-buttons is-content-justification-space-between is-nowrap is-layout-flex wp-container-core-buttons-is-layout-5924e470 wp-block-buttons-is-layout-flex\">\n<div class=\"wp-block-button is-style-outline is-style-outline--1\"><a class=\"wp-block-button__link has-ast-global-color-6-background-color has-background has-small-font-size has-custom-font-size wp-element-button\" href=\"https:\/\/sites.bc.edu\/latin-commentary\/5-19\/\" style=\"border-style:none;border-width:0px\">Previous<\/a><\/div>\n\n\n\n<div class=\"wp-block-button is-style-outline is-style-outline--2\"><a class=\"wp-block-button__link has-ast-global-color-6-background-color has-background has-small-font-size has-custom-font-size wp-element-button\" href=\"https:\/\/sites.bc.edu\/latin-commentary\/5-21\/\" style=\"border-style:none;border-width:0px\">Next<\/a><\/div>\n<\/div>\n\n\n\n<div style=\"height:34px\" aria-hidden=\"true\" class=\"wp-block-spacer\"><\/div>\n\n\n<style>.kb-row-layout-id2920_1baac4-73 > .kt-row-column-wrap{align-content:start;}:where(.kb-row-layout-id2920_1baac4-73 > .kt-row-column-wrap) > .wp-block-kadence-column{justify-content:start;}.kb-row-layout-id2920_1baac4-73 > .kt-row-column-wrap{column-gap:var(--global-kb-gap-md, 2rem);row-gap:var(--global-kb-gap-md, 2rem);padding-top:var(--global-kb-spacing-sm, 1.5rem);padding-bottom:var(--global-kb-spacing-sm, 1.5rem);grid-template-columns:minmax(0, calc(50% - ((var(--global-kb-gap-md, 2rem) * 1 )\/2)))minmax(0, calc(50% - ((var(--global-kb-gap-md, 2rem) * 1 )\/2)));}.kb-row-layout-id2920_1baac4-73 > .kt-row-layout-overlay{opacity:0.30;}@media all and (max-width: 1024px){.kb-row-layout-id2920_1baac4-73 > .kt-row-column-wrap{grid-template-columns:repeat(2, minmax(0, 1fr));}}@media all and (max-width: 767px){.kb-row-layout-id2920_1baac4-73 > .kt-row-column-wrap{grid-template-columns:minmax(0, 1fr);}}<\/style><div class=\"kb-row-layout-wrap kb-row-layout-id2920_1baac4-73 alignnone wp-block-kadence-rowlayout\"><div class=\"kt-row-column-wrap kt-has-2-columns kt-row-layout-equal kt-tab-layout-inherit kt-mobile-layout-row kt-row-valign-top\">\n<style>.kadence-column2920_98e3d6-87 > .kt-inside-inner-col,.kadence-column2920_98e3d6-87 > .kt-inside-inner-col:before{border-top-left-radius:0px;border-top-right-radius:0px;border-bottom-right-radius:0px;border-bottom-left-radius:0px;}.kadence-column2920_98e3d6-87 > .kt-inside-inner-col{column-gap:var(--global-kb-gap-sm, 1rem);}.kadence-column2920_98e3d6-87 > .kt-inside-inner-col{flex-direction:column;}.kadence-column2920_98e3d6-87 > .kt-inside-inner-col > .aligncenter{width:100%;}.kadence-column2920_98e3d6-87 > .kt-inside-inner-col:before{opacity:0.3;}.kadence-column2920_98e3d6-87{position:relative;}@media all and (max-width: 1024px){.kadence-column2920_98e3d6-87 > .kt-inside-inner-col{flex-direction:column;justify-content:center;}}@media all and (max-width: 767px){.kadence-column2920_98e3d6-87 > .kt-inside-inner-col{flex-direction:column;justify-content:center;}}<\/style>\n<div class=\"wp-block-kadence-column kadence-column2920_98e3d6-87\"><div class=\"kt-inside-inner-col\">\n<p class=\"has-medium-font-size\" style=\"margin-top:var(--wp--preset--spacing--60)\">[1] S\u012bc d\u0113nique altera: \u201cQuoniam n\u014ds or\u012bginis nexus pr\u014d tu\u0101 incolumit\u0101te n\u0113 per\u012bculum quidem \u016bllum ante ocul\u014ds hab\u0113re compellit, viam qu\u0101 s\u014dl\u0101 d\u0113d\u016bcit iter ad sal\u016btem di\u016b di\u016bque c\u014dgit\u0101tam m\u014dnstr\u0101bimus tibi. [2] Nov\u0101culam praeac\u016btam adpuls\u016b etiam palmulae l\u0113nientis exasper\u0101tam tor\u012b qu\u0101 parte cub\u0101re c\u014dnsu\u0113st\u012b latenter absconde, lucernamque concinnem compl\u0113tam ole\u014d cl\u0101r\u014d l\u016bmine praemicantem subde aliqu\u014d claudentis aululae tegmine, [3] omn\u012bque ist\u014d appar\u0101t\u016b ten\u0101cissim\u0113 dissimul\u0101t\u014d, postquam sulc\u0101tum trah\u0113ns gressum cub\u012ble solitum c\u014dnscenderit iamque porr\u0113ctus et ex\u014drdi\u014d somn\u012b prementis implicitus altum sop\u014drem fl\u0101re coeperit, [4] tor\u014d d\u0113l\u0101psa n\u016bd\u014dque vest\u012bgi\u014d p\u0113nsilem gradum paullul\u0101tim minu\u0113ns, caecae tenebrae c\u016bst\u014ddi\u0101 l\u012bber\u0101t\u0101 lucern\u0101, praecl\u0101r\u012b tu\u012b facinoris opport\u016bnit\u0101tem d\u0113 l\u016bminis c\u014dnsili\u014d m\u016btu\u0101re, [5] et ancipit\u012b t\u0113l\u014d ill\u014d aud\u0101citer, prius dexter\u0101 s\u016brsum \u0113l\u0101t\u0101, n\u012bs\u016b quam valid\u014d noxi\u012b serpentis n\u014ddum cerv\u012bcis et capitis absc\u012bde. [6] Nec nostrum tibi d\u0113erit subsidium, sed cum pr\u012bmum ill\u012bus morte sal\u016btem tibi f\u0113ceris, \u0101nxi\u0113 praest\u014dl\u0101tae advol\u0101bimus c\u016bnct\u012bsque ist\u012bs opibus t\u0113cum rel\u0101t\u012bs v\u014dt\u012bv\u012bs n\u016bpti\u012bs hominem t\u0113 iung\u0113mus homin\u012b.&#8221;<\/p>\n<\/div><\/div>\n\n\n<style>.kadence-column2920_befb27-c0 > .kt-inside-inner-col,.kadence-column2920_befb27-c0 > .kt-inside-inner-col:before{border-top-left-radius:0px;border-top-right-radius:0px;border-bottom-right-radius:0px;border-bottom-left-radius:0px;}.kadence-column2920_befb27-c0 > .kt-inside-inner-col{column-gap:var(--global-kb-gap-sm, 1rem);}.kadence-column2920_befb27-c0 > .kt-inside-inner-col{flex-direction:column;}.kadence-column2920_befb27-c0 > .kt-inside-inner-col > .aligncenter{width:100%;}.kadence-column2920_befb27-c0 > .kt-inside-inner-col:before{opacity:0.3;}.kadence-column2920_befb27-c0{position:relative;}@media all and (max-width: 1024px){.kadence-column2920_befb27-c0 > .kt-inside-inner-col{flex-direction:column;justify-content:center;}}@media all and (max-width: 767px){.kadence-column2920_befb27-c0 > .kt-inside-inner-col{flex-direction:column;justify-content:center;}}<\/style>\n<div class=\"wp-block-kadence-column kadence-column2920_befb27-c0\"><div class=\"kt-inside-inner-col\"><div class=\"wp-block-ub-tabbed-content wp-block-ub-tabbed-content-holder wp-block-ub-tabbed-content-horizontal-holder-mobile wp-block-ub-tabbed-content-horizontal-holder-tablet\" id=\"ub-tabbed-content-3823a641-ca4d-48db-bcdd-5f83fcb9dfe0\" style=\"\">\n\t\t\t<div class=\"wp-block-ub-tabbed-content-tab-holder horizontal-tab-width-mobile horizontal-tab-width-tablet\">\n\t\t\t\t<div role=\"tablist\" class=\"wp-block-ub-tabbed-content-tabs-title wp-block-ub-tabbed-content-tabs-title-mobile-horizontal-tab wp-block-ub-tabbed-content-tabs-title-tablet-horizontal-tab\" style=\"justify-content: flex-start; \"><div role=\"tab\" id=\"ub-tabbed-content-3823a641-ca4d-48db-bcdd-5f83fcb9dfe0-tab-0\" aria-controls=\"ub-tabbed-content-3823a641-ca4d-48db-bcdd-5f83fcb9dfe0-panel-0\" aria-selected=\"false\" class=\"wp-block-ub-tabbed-content-tab-title-wrap\" style=\"--ub-tabbed-active-title-color: inherit; --ub-tabbed-active-title-background-color: #eeeeee; text-align: left; \" tabindex=\"-1\">\n\t\t\t\t<div class=\"wp-block-ub-tabbed-content-tab-title\">Notes<\/div>\n\t\t\t<\/div><div role=\"tab\" id=\"ub-tabbed-content-3823a641-ca4d-48db-bcdd-5f83fcb9dfe0-tab-1\" aria-controls=\"ub-tabbed-content-3823a641-ca4d-48db-bcdd-5f83fcb9dfe0-panel-1\" aria-selected=\"true\" class=\"wp-block-ub-tabbed-content-tab-title-wrap active\" style=\"--ub-tabbed-title-background-color: #eeeeee; --ub-tabbed-active-title-color: inherit; --ub-tabbed-active-title-background-color: #eeeeee; text-align: left; \" tabindex=\"-1\">\n\t\t\t\t<div class=\"wp-block-ub-tabbed-content-tab-title\">Vocabulary<\/div>\n\t\t\t<\/div><div role=\"tab\" id=\"ub-tabbed-content-3823a641-ca4d-48db-bcdd-5f83fcb9dfe0-tab-2\" aria-controls=\"ub-tabbed-content-3823a641-ca4d-48db-bcdd-5f83fcb9dfe0-panel-2\" aria-selected=\"false\" class=\"wp-block-ub-tabbed-content-tab-title-wrap\" style=\"--ub-tabbed-active-title-color: inherit; --ub-tabbed-active-title-background-color: #eeeeee; text-align: left; \" tabindex=\"-1\">\n\t\t\t\t<div class=\"wp-block-ub-tabbed-content-tab-title\">Media<\/div>\n\t\t\t<\/div><\/div>\n\t\t\t<\/div>\n\t\t\t<div class=\"wp-block-ub-tabbed-content-tabs-content\" style=\"\"><div role=\"tabpanel\" class=\"wp-block-ub-tabbed-content-tab-content-wrap ub-hide\" id=\"ub-tabbed-content-3823a641-ca4d-48db-bcdd-5f83fcb9dfe0-panel-0\" aria-labelledby=\"ub-tabbed-content-3823a641-ca4d-48db-bcdd-5f83fcb9dfe0-tab-0\" tabindex=\"0\">\n\n<blockquote class=\"wp-block-quote is-layout-flow wp-block-quote-is-layout-flow\">\n<p><em><em>One sister advises Psyche to kill her monstrous husband while he is asleep.<\/em><\/em><\/p>\n<\/blockquote>\n\n\n\n<p><strong>or\u012bginis nexus<\/strong>: \u201cthe binding of our lineage\u201d. This phrase is the subject of <em>compellit<\/em>.\u00a0<\/p>\n\n\n\n<p><strong>n\u0113 \u2026 quidem<\/strong>: \u201cnot even\u201d\u00a0<\/p>\n\n\n\n<p><strong>ante ocul\u014ds hab\u0113re<\/strong>: \u201cto keep in mind\u201d<\/p>\n\n\n\n<p><strong>di\u016b di\u016bque<\/strong>: &#8220;for a long, long time&#8221;<\/p>\n\n\n\n<p><strong>c\u014dgit\u0101tam<\/strong>: modifies <em>viam<\/em><\/p>\n\n\n\n<p><strong>adpuls\u016b etiam palmulae l\u0113nientis<\/strong>: This is an odd expression with the paradoxical idea that a knife could be sharpened by a caress of a softening hand.<\/p>\n\n\n\n<p><strong>tor\u012b qu\u0101 parte<\/strong>: <em>parte,<\/em> the antecedent of\u00a0 the relative clause introduced by <em>qu\u0101<\/em>, has been attracted into the clause..<\/p>\n\n\n\n<p><strong>concinnem: <\/strong>\u2248 <em>concinnatam,<\/em>\u00a0 \u201cmade ready\u201d<strong> <\/strong>(Kenney ad loc.)<\/p>\n\n\n\n<p><strong>sulc\u0101tum trah\u0113ns gressum<\/strong>: lit. \u201cdragging his furrowed course\u201d. This is a strange way of saying Cupid going to bed, as <em>gressus<\/em> is usually only used for animal moving and here suggests the movement of a snake. The sister is reinforcing Psyche\u2019s mental image of Cupid as a giant snake.\u00a0<\/p>\n\n\n\n<p><strong>solitum<\/strong>: translate adverbially: \u201cas usual\u201d<\/p>\n\n\n\n<p><strong>porr\u0113ctus et \u2026 implicitus<\/strong>: both modify the (unstated) subject of the sentence.<\/p>\n\n\n\n<p><strong>ex\u014drdi\u014d somn\u012b prementis implicitus<\/strong>: \u201chaving been enfolded in the beginning of a heavy sleep\u201d\u00a0<\/p>\n\n\n\n<p><strong>altum sop\u014drem fl\u0101re<\/strong>: \u201cto breathe deep sleep,\u201d i.e. \u201cto snore heavily\u201d<\/p>\n\n\n\n<p><strong>n\u016bd\u014dque vest\u012bgi\u014d p\u0113nsilem gradum paullul\u0101tim minu\u0113ns<\/strong>: \u201cwalking on tiptoe with bare feet with very little steps\u201d. lit. \u201creducing tinily your raised-up tread\u201d (Kenney ad loc.).<\/p>\n\n\n\n<p><strong>l\u012bber\u0101t\u0101 lucern\u0101<\/strong>: ablative absolute<\/p>\n\n\n\n<p><strong>m\u016btu\u0101re<\/strong>: 2nd sg imperative of<em> m\u016btuor<\/em><\/p>\n\n\n\n<p><strong>quam valid\u014d<\/strong>: a variant of quam + superlative, \u201cas __ as possible\u201d \u00a0<\/p>\n\n\n\n<p><strong>cum pr\u012bmum<\/strong>: See <a href=\"https:\/\/sites.bc.edu\/latin-commentary\/5-18\/\">5.18.1<\/a> for this expression.<\/p>\n\n\n\n<p><strong>hominem t\u0113 iung\u0113mus homin\u012b<\/strong>:\u00a0 \u201cwe will join you, a human, together with (another) human\u201d<\/p>\n\n\n\n<p><\/p>\n\n\n\n<p><a href=\"tel:617-552-4219.html\"><\/a><\/p>\n\n\n\n<p><\/p>\n\n<\/div><div role=\"tabpanel\" class=\"wp-block-ub-tabbed-content-tab-content-wrap active\" id=\"ub-tabbed-content-3823a641-ca4d-48db-bcdd-5f83fcb9dfe0-panel-1\" aria-labelledby=\"ub-tabbed-content-3823a641-ca4d-48db-bcdd-5f83fcb9dfe0-tab-1\" tabindex=\"0\">\n\n<p><strong>pr\u014d<\/strong>: for the sake of (+ abl.)<\/p>\n\n\n\n<p><strong>incolumitas, -\u0101tis f.<\/strong>: safety<\/p>\n\n\n\n<p><strong>nov\u0101cula, -ae f.<\/strong>: a sharp knife<\/p>\n\n\n\n<p><strong>praeac\u016btus, -a, -um<\/strong>: sharpened, pointed\u00a0<\/p>\n\n\n\n<p><strong>ad\/appulsus, &#8211;<\/strong><strong>\u016bs m.<\/strong><strong>: <\/strong>an approach (to a place); <strong>\u00a0<\/strong>here: impact\u00a0<\/p>\n\n\n\n<p><strong>exasper\u014d, -\u0101re<\/strong>: to sharpen, make rough, roughen<\/p>\n\n\n\n<p><strong>praemico, -\u0101re<\/strong>: to gleam, to shine greatly\u00a0\u00a0<\/p>\n\n\n\n<p><strong>aulula, -ae f.<\/strong>: a small pot\u00a0<\/p>\n\n\n\n<p><strong>ten\u0101citer<\/strong>: strongly, firmly<\/p>\n\n\n\n<p><strong>m\u016btuor, -\u0101r\u012b: <\/strong>to borrow, to get<\/p>\n\n\n\n<p><strong>s\u016brsum<\/strong>: up, upwards<\/p>\n\n\n\n<p><strong>n\u012bsus, -\u016bs m.<\/strong>: a pressure, push\u00a0<\/p>\n\n\n\n<p><strong>nodus, -\u012b m.:<\/strong> joint (Kenney ad loc.)<\/p>\n\n\n\n<p><strong>praest\u014dlor, -\u0101r\u012b<\/strong>:\u00a0 see <a href=\"https:\/\/sites.bc.edu\/latin-commentary\/5-4\/\">5.4.4<\/a><\/p>\n\n\n\n<p><strong>v\u014dt\u012bvus, -a, -um<\/strong>: desired<\/p>\n\n<\/div><div role=\"tabpanel\" class=\"wp-block-ub-tabbed-content-tab-content-wrap ub-hide\" id=\"ub-tabbed-content-3823a641-ca4d-48db-bcdd-5f83fcb9dfe0-panel-2\" aria-labelledby=\"ub-tabbed-content-3823a641-ca4d-48db-bcdd-5f83fcb9dfe0-tab-2\" tabindex=\"0\">\n\n<p><\/p>\n\n<\/div><\/div>\n\t\t<\/div><\/div><\/div>\n\n<\/div><\/div>\n\n\n<div style=\"height:34px\" aria-hidden=\"true\" class=\"wp-block-spacer\"><\/div>\n\n\n\n<div class=\"wp-block-buttons has-custom-font-size has-small-font-size is-content-justification-space-between is-nowrap is-layout-flex wp-container-core-buttons-is-layout-5924e470 wp-block-buttons-is-layout-flex\">\n<div class=\"wp-block-button is-style-outline is-style-outline--3\"><a class=\"wp-block-button__link has-ast-global-color-6-background-color has-background wp-element-button\" style=\"border-style:none;border-width:0px\">Previous<\/a><\/div>\n\n\n\n<div class=\"wp-block-button is-style-outline is-style-outline--4\"><a class=\"wp-block-button__link has-ast-global-color-6-background-color has-background wp-element-button\" style=\"border-style:none;border-width:0px\">Next<\/a><\/div>\n<\/div>\n\n\n\n<div style=\"height:34px\" aria-hidden=\"true\" class=\"wp-block-spacer\"><\/div>\n","protected":false},"excerpt":{"rendered":"<p>5.20 [1] S\u012bc d\u0113nique altera: \u201cQuoniam n\u014ds or\u012bginis nexus pr\u014d tu\u0101 incolumit\u0101te n\u0113 per\u012bculum quidem \u016bllum ante ocul\u014ds hab\u0113re compellit, viam qu\u0101 s\u014dl\u0101 d\u0113d\u016bcit iter ad sal\u016btem di\u016b di\u016bque c\u014dgit\u0101tam m\u014dnstr\u0101bimus tibi. [2] Nov\u0101culam praeac\u016btam adpuls\u016b etiam palmulae l\u0113nientis exasper\u0101tam tor\u012b qu\u0101 parte cub\u0101re c\u014dnsu\u0113st\u012b latenter absconde, lucernamque concinnem compl\u0113tam ole\u014d cl\u0101r\u014d l\u016bmine praemicantem subde [&hellip;]<\/p>\n","protected":false},"author":1,"featured_media":0,"parent":0,"menu_order":0,"comment_status":"closed","ping_status":"closed","template":"","meta":{"_coblocks_attr":"","_coblocks_dimensions":"","_coblocks_responsive_height":"","_coblocks_accordion_ie_support":"","site-sidebar-layout":"default","site-content-layout":"","ast-site-content-layout":"default","site-content-style":"default","site-sidebar-style":"default","ast-global-header-display":"","ast-banner-title-visibility":"","ast-main-header-display":"","ast-hfb-above-header-display":"","ast-hfb-below-header-display":"","ast-hfb-mobile-header-display":"","site-post-title":"","ast-breadcrumbs-content":"","ast-featured-img":"","footer-sml-layout":"","ast-disable-related-posts":"","theme-transparent-header-meta":"","adv-header-id-meta":"","stick-header-meta":"","header-above-stick-meta":"","header-main-stick-meta":"","header-below-stick-meta":"","astra-migrate-meta-layouts":"set","ast-page-background-enabled":"default","ast-page-background-meta":{"desktop":{"background-color":"var(--ast-global-color-4)","background-image":"","background-repeat":"repeat","background-position":"center center","background-size":"auto","background-attachment":"scroll","background-type":"","background-media":"","overlay-type":"","overlay-color":"","overlay-opacity":"","overlay-gradient":""},"tablet":{"background-color":"","background-image":"","background-repeat":"repeat","background-position":"center center","background-size":"auto","background-attachment":"scroll","background-type":"","background-media":"","overlay-type":"","overlay-color":"","overlay-opacity":"","overlay-gradient":""},"mobile":{"background-color":"","background-image":"","background-repeat":"repeat","background-position":"center center","background-size":"auto","background-attachment":"scroll","background-type":"","background-media":"","overlay-type":"","overlay-color":"","overlay-opacity":"","overlay-gradient":""}},"ast-content-background-meta":{"desktop":{"background-color":"var(--ast-global-color-5)","background-image":"","background-repeat":"repeat","background-position":"center center","background-size":"auto","background-attachment":"scroll","background-type":"","background-media":"","overlay-type":"","overlay-color":"","overlay-opacity":"","overlay-gradient":""},"tablet":{"background-color":"var(--ast-global-color-5)","background-image":"","background-repeat":"repeat","background-position":"center center","background-size":"auto","background-attachment":"scroll","background-type":"","background-media":"","overlay-type":"","overlay-color":"","overlay-opacity":"","overlay-gradient":""},"mobile":{"background-color":"var(--ast-global-color-5)","background-image":"","background-repeat":"repeat","background-position":"center center","background-size":"auto","background-attachment":"scroll","background-type":"","background-media":"","overlay-type":"","overlay-color":"","overlay-opacity":"","overlay-gradient":""}},"footnotes":""},"class_list":["post-2920","page","type-page","status-publish","hentry"],"featured_image_src":null,"_links":{"self":[{"href":"https:\/\/sites.bc.edu\/latin-commentary\/wp-json\/wp\/v2\/pages\/2920","targetHints":{"allow":["GET"]}}],"collection":[{"href":"https:\/\/sites.bc.edu\/latin-commentary\/wp-json\/wp\/v2\/pages"}],"about":[{"href":"https:\/\/sites.bc.edu\/latin-commentary\/wp-json\/wp\/v2\/types\/page"}],"author":[{"embeddable":true,"href":"https:\/\/sites.bc.edu\/latin-commentary\/wp-json\/wp\/v2\/users\/1"}],"replies":[{"embeddable":true,"href":"https:\/\/sites.bc.edu\/latin-commentary\/wp-json\/wp\/v2\/comments?post=2920"}],"version-history":[{"count":7,"href":"https:\/\/sites.bc.edu\/latin-commentary\/wp-json\/wp\/v2\/pages\/2920\/revisions"}],"predecessor-version":[{"id":3117,"href":"https:\/\/sites.bc.edu\/latin-commentary\/wp-json\/wp\/v2\/pages\/2920\/revisions\/3117"}],"wp:attachment":[{"href":"https:\/\/sites.bc.edu\/latin-commentary\/wp-json\/wp\/v2\/media?parent=2920"}],"curies":[{"name":"wp","href":"https:\/\/api.w.org\/{rel}","templated":true}]}}