{"id":2515,"date":"2023-10-31T16:09:48","date_gmt":"2023-10-31T20:09:48","guid":{"rendered":"https:\/\/sites.bc.edu\/latin-commentary\/?page_id=2515"},"modified":"2025-10-31T16:13:48","modified_gmt":"2025-10-31T20:13:48","slug":"5-15","status":"publish","type":"page","link":"https:\/\/sites.bc.edu\/latin-commentary\/5-15\/","title":{"rendered":"5.15"},"content":{"rendered":"\n<figure class=\"wp-block-image alignfull size-large\"><img loading=\"lazy\" decoding=\"async\" width=\"1280\" height=\"85\" src=\"http:\/\/sites.bc.edu\/latin-commentary\/wp-content\/uploads\/sites\/201\/2023\/05\/academic-dept-default.jpeg\" alt=\"\" class=\"wp-image-2384\" srcset=\"https:\/\/sites.bc.edu\/latin-commentary\/wp-content\/uploads\/sites\/201\/2023\/05\/academic-dept-default.jpeg 1280w, https:\/\/sites.bc.edu\/latin-commentary\/wp-content\/uploads\/sites\/201\/2023\/05\/academic-dept-default-300x20.jpeg 300w, https:\/\/sites.bc.edu\/latin-commentary\/wp-content\/uploads\/sites\/201\/2023\/05\/academic-dept-default-1024x68.jpeg 1024w, https:\/\/sites.bc.edu\/latin-commentary\/wp-content\/uploads\/sites\/201\/2023\/05\/academic-dept-default-768x51.jpeg 768w\" sizes=\"auto, (max-width: 1280px) 100vw, 1280px\" \/><\/figure>\n\n\n\n<div style=\"height:63px\" aria-hidden=\"true\" class=\"wp-block-spacer mt-0\"><\/div>\n\n\n\n<h2 class=\"wp-block-heading has-text-align-left\">5.15<\/h2>\n\n\n\n<div class=\"wp-block-buttons is-content-justification-space-between is-nowrap is-layout-flex wp-container-core-buttons-is-layout-5924e470 wp-block-buttons-is-layout-flex\">\n<div class=\"wp-block-button is-style-outline is-style-outline--1\"><a class=\"wp-block-button__link has-ast-global-color-6-background-color has-background has-small-font-size has-custom-font-size wp-element-button\" href=\"https:\/\/sites.bc.edu\/latin-commentary\/5-14\/\" style=\"border-style:none;border-width:0px\">Previous<\/a><\/div>\n\n\n\n<div class=\"wp-block-button is-style-outline is-style-outline--2\"><a class=\"wp-block-button__link has-ast-global-color-6-background-color has-background has-small-font-size has-custom-font-size wp-element-button\" href=\"https:\/\/sites.bc.edu\/latin-commentary\/5-16\/\" style=\"border-style:none;border-width:0px\">Next<\/a><\/div>\n<\/div>\n\n\n\n<div style=\"height:34px\" aria-hidden=\"true\" class=\"wp-block-spacer\"><\/div>\n\n\n<style>.kb-row-layout-id2515_f83454-90 > .kt-row-column-wrap{align-content:start;}:where(.kb-row-layout-id2515_f83454-90 > .kt-row-column-wrap) > .wp-block-kadence-column{justify-content:start;}.kb-row-layout-id2515_f83454-90 > .kt-row-column-wrap{column-gap:var(--global-kb-gap-md, 2rem);row-gap:var(--global-kb-gap-md, 2rem);padding-top:var(--global-kb-spacing-sm, 1.5rem);padding-bottom:var(--global-kb-spacing-sm, 1.5rem);grid-template-columns:minmax(0, calc(50% - ((var(--global-kb-gap-md, 2rem) * 1 )\/2)))minmax(0, calc(50% - ((var(--global-kb-gap-md, 2rem) * 1 )\/2)));}.kb-row-layout-id2515_f83454-90 > .kt-row-layout-overlay{opacity:0.30;}@media all and (max-width: 1024px){.kb-row-layout-id2515_f83454-90 > .kt-row-column-wrap{grid-template-columns:repeat(2, minmax(0, 1fr));}}@media all and (max-width: 767px){.kb-row-layout-id2515_f83454-90 > .kt-row-column-wrap{grid-template-columns:minmax(0, 1fr);}}<\/style><div class=\"kb-row-layout-wrap kb-row-layout-id2515_f83454-90 alignnone wp-block-kadence-rowlayout\"><div class=\"kt-row-column-wrap kt-has-2-columns kt-row-layout-equal kt-tab-layout-inherit kt-mobile-layout-row kt-row-valign-top\">\n<style>.kadence-column2515_f71e3c-95 > .kt-inside-inner-col,.kadence-column2515_f71e3c-95 > .kt-inside-inner-col:before{border-top-left-radius:0px;border-top-right-radius:0px;border-bottom-right-radius:0px;border-bottom-left-radius:0px;}.kadence-column2515_f71e3c-95 > .kt-inside-inner-col{column-gap:var(--global-kb-gap-sm, 1rem);}.kadence-column2515_f71e3c-95 > .kt-inside-inner-col{flex-direction:column;}.kadence-column2515_f71e3c-95 > .kt-inside-inner-col > .aligncenter{width:100%;}.kadence-column2515_f71e3c-95 > .kt-inside-inner-col:before{opacity:0.3;}.kadence-column2515_f71e3c-95{position:relative;}@media all and (max-width: 1024px){.kadence-column2515_f71e3c-95 > .kt-inside-inner-col{flex-direction:column;justify-content:center;}}@media all and (max-width: 767px){.kadence-column2515_f71e3c-95 > .kt-inside-inner-col{flex-direction:column;justify-content:center;}}<\/style>\n<div class=\"wp-block-kadence-column kadence-column2515_f71e3c-95\"><div class=\"kt-inside-inner-col\">\n<p class=\"has-medium-font-size\" style=\"margin-top:var(--wp--preset--spacing--60)\">[1] S\u012bc adfecti\u014dne simul\u0101t\u0101 paul\u0101tim sor\u014dris inv\u0101dunt animum, statimque e\u0101s \u0101 lassit\u016bdine viae sed\u012blibus ref\u014dt\u0101s et balne\u0101rum vap\u014dr\u014ds\u012bs fontibus c\u016br\u0101t\u0101s pulcherrim\u0113 tr\u012bcl\u012bni\u014d m\u012br\u012bsque ill\u012bs et be\u0101t\u012bs edulibus atque tucc\u0113t\u012bs oblectat. [2] Iubet citharam loqu\u012b: psallitur; t\u012bbi\u0101s agere: son\u0101tur; chor\u014ds canere: cant\u0101tur. Quae c\u016bncta n\u016bll\u014d praesente dulcissim\u012bs modul\u012bs anim\u014ds audientium remulc\u0113bant. [3] Nec tamen scelest\u0101rum f\u0113min\u0101rum n\u0113quitia vel ill\u0101 mell\u012bt\u0101 cant\u016bs dulc\u0113dine moll\u012bta conqui\u0113vit, sed ad d\u0113stin\u0101tam fraudium pedicam serm\u014dnem c\u014dnferent\u0113s dissimulanter occipiunt sc\u012bscit\u0101r\u012b qu\u0101lis e\u012b mar\u012btus et unde n\u0101t\u0101lium, sect\u0101 cui\u0101 pr\u014dven\u012bret. [4] Tunc illa simplicit\u0101te nimi\u0101 pr\u012bstin\u012b serm\u014dnis obl\u012bta novum commentum \u012bnstruit atque mar\u012btum suum d\u0113 pr\u014dvinci\u0101 proxim\u0101 magn\u012bs pec\u016bni\u012bs neg\u014dtiantem iam medium cursum aet\u0101tis agere interspersum r\u0101r\u0101 c\u0101niti\u0113. [5] Nec in serm\u014dne ist\u014d tantillum m\u014dr\u0101ta r\u016brsum opipar\u012bs m\u016bneribus e\u0101s onust\u0101s vent\u014ds\u014d vehicul\u014d reddidit.<\/p>\n<\/div><\/div>\n\n\n<style>.kadence-column2515_05e2d3-f9 > .kt-inside-inner-col,.kadence-column2515_05e2d3-f9 > .kt-inside-inner-col:before{border-top-left-radius:0px;border-top-right-radius:0px;border-bottom-right-radius:0px;border-bottom-left-radius:0px;}.kadence-column2515_05e2d3-f9 > .kt-inside-inner-col{column-gap:var(--global-kb-gap-sm, 1rem);}.kadence-column2515_05e2d3-f9 > .kt-inside-inner-col{flex-direction:column;}.kadence-column2515_05e2d3-f9 > .kt-inside-inner-col > .aligncenter{width:100%;}.kadence-column2515_05e2d3-f9 > .kt-inside-inner-col:before{opacity:0.3;}.kadence-column2515_05e2d3-f9{position:relative;}@media all and (max-width: 1024px){.kadence-column2515_05e2d3-f9 > .kt-inside-inner-col{flex-direction:column;justify-content:center;}}@media all and (max-width: 767px){.kadence-column2515_05e2d3-f9 > .kt-inside-inner-col{flex-direction:column;justify-content:center;}}<\/style>\n<div class=\"wp-block-kadence-column kadence-column2515_05e2d3-f9\"><div class=\"kt-inside-inner-col\"><div class=\"wp-block-ub-tabbed-content wp-block-ub-tabbed-content-holder wp-block-ub-tabbed-content-horizontal-holder-mobile wp-block-ub-tabbed-content-horizontal-holder-tablet\" id=\"ub-tabbed-content-1f800682-2a89-455d-a525-04bbca8d1e4f\" style=\"\">\n\t\t\t<div class=\"wp-block-ub-tabbed-content-tab-holder horizontal-tab-width-mobile horizontal-tab-width-tablet\">\n\t\t\t\t<div role=\"tablist\" class=\"wp-block-ub-tabbed-content-tabs-title wp-block-ub-tabbed-content-tabs-title-mobile-horizontal-tab wp-block-ub-tabbed-content-tabs-title-tablet-horizontal-tab\" style=\"justify-content: flex-start; \"><div role=\"tab\" id=\"ub-tabbed-content-1f800682-2a89-455d-a525-04bbca8d1e4f-tab-0\" aria-controls=\"ub-tabbed-content-1f800682-2a89-455d-a525-04bbca8d1e4f-panel-0\" aria-selected=\"false\" class=\"wp-block-ub-tabbed-content-tab-title-wrap\" style=\"--ub-tabbed-active-title-color: inherit; --ub-tabbed-active-title-background-color: #eeeeee; text-align: left; \" tabindex=\"-1\">\n\t\t\t\t<div class=\"wp-block-ub-tabbed-content-tab-title\">Notes<\/div>\n\t\t\t<\/div><div role=\"tab\" id=\"ub-tabbed-content-1f800682-2a89-455d-a525-04bbca8d1e4f-tab-1\" aria-controls=\"ub-tabbed-content-1f800682-2a89-455d-a525-04bbca8d1e4f-panel-1\" aria-selected=\"true\" class=\"wp-block-ub-tabbed-content-tab-title-wrap active\" style=\"--ub-tabbed-title-background-color: #eeeeee; --ub-tabbed-active-title-color: inherit; --ub-tabbed-active-title-background-color: #eeeeee; text-align: left; \" tabindex=\"-1\">\n\t\t\t\t<div class=\"wp-block-ub-tabbed-content-tab-title\">Vocabulary<\/div>\n\t\t\t<\/div><div role=\"tab\" id=\"ub-tabbed-content-1f800682-2a89-455d-a525-04bbca8d1e4f-tab-2\" aria-controls=\"ub-tabbed-content-1f800682-2a89-455d-a525-04bbca8d1e4f-panel-2\" aria-selected=\"false\" class=\"wp-block-ub-tabbed-content-tab-title-wrap\" style=\"--ub-tabbed-active-title-color: inherit; --ub-tabbed-active-title-background-color: #eeeeee; text-align: left; \" tabindex=\"-1\">\n\t\t\t\t<div class=\"wp-block-ub-tabbed-content-tab-title\">Media<\/div>\n\t\t\t<\/div><\/div>\n\t\t\t<\/div>\n\t\t\t<div class=\"wp-block-ub-tabbed-content-tabs-content\" style=\"\"><div role=\"tabpanel\" class=\"wp-block-ub-tabbed-content-tab-content-wrap ub-hide\" id=\"ub-tabbed-content-1f800682-2a89-455d-a525-04bbca8d1e4f-panel-0\" aria-labelledby=\"ub-tabbed-content-1f800682-2a89-455d-a525-04bbca8d1e4f-tab-0\" tabindex=\"0\">\n\n<blockquote class=\"wp-block-quote is-layout-flow wp-block-quote-is-layout-flow\">\n<p><em>The sisters inquire about Ps\u0233ch\u0113\u2019s husband, and she answers with a description different from the one they have heard before.<\/em><\/p>\n<\/blockquote>\n\n\n\n<p><strong>adfecti\u014dne: <\/strong>see <a href=\"https:\/\/sites.bc.edu\/latin-commentary\/5-9\/\">5.9.6<\/a>.<\/p>\n\n\n\n<p><strong>fontibus: <\/strong>here, a poetic version of \u201cwaters\u201d rather than fountains or springs (Kenney <em>ad loc.<\/em>).<\/p>\n\n\n\n<p><strong>tr\u012bcl\u012bni\u014d: <\/strong>here, more likely a meal and not the dining room.<\/p>\n\n\n\n<p><strong>loqu\u012b\u2026agere\u2026canere: <\/strong>a series of infinitives all depending on <em>iubet.<\/em><\/p>\n\n\n\n<p><strong>psallitur\u2026son\u0101tur\u2026 cant\u0101tur: <\/strong>impersonal passives (Kenney <em>ad loc.<\/em>), but a subject can often be inferred or supplied, such as from <em>psallitur<\/em> \u201cit (the cithara) was played\u201d and <em>son\u0101tur<\/em> \u201ca noise was made.<\/p>\n\n\n\n<p><strong>t\u012bbi\u0101s: <\/strong>here, a poetic use for \u201cflute,\u201d an instrument often made of bone (<a href=\"https:\/\/logeion.uchicago.edu\/tibia\">L&amp;S s.v. <em>tibia <\/em>II<\/a>); see example under Media.<\/p>\n\n\n\n<p><strong>mell\u012bt\u0101\u2026moll\u012bt\u0101: <\/strong>The alliteration and, more importantly, the assonance accentuates a softness of the music that is juxtaposed against the sisters\u2019 coarseness (Kenney <em>ad loc.<\/em>).<\/p>\n\n\n\n<p><strong>serm\u014dnem c\u014dnferent\u0113s: <\/strong>\u201cdirecting the conversation\u201d (Kenney, <em>ad loc.<\/em>); cf. <a href=\"https:\/\/sites.bc.edu\/latin-commentary\/5-11\/\">5.11.5<\/a>. <em>Pedicam<\/em>, not <em>serm\u014dnem<\/em>, is therefore the object of <em>ad<\/em>.<\/p>\n\n\n\n<p><strong>unde n\u0101t\u0101lium: <\/strong>an Apuleian variant of of the more classical <em>unde natus <\/em>(Kenney <em>ad loc.<\/em>)<\/p>\n\n\n\n<p><strong>sect\u0101 cui\u0101: <\/strong>inverted for chiasmus with <em>unde n\u0101t\u0101lium <\/em>(Kenney <em>ad loc.<\/em>)<\/p>\n\n\n\n<p><strong>simplicit\u0101te nimi\u0101: <\/strong>abl. of cause (<a href=\"https:\/\/dcc.dickinson.edu\/grammar\/latin\/ablative-cause\">A&amp;G \u00a7404<\/a>).<\/p>\n\n\n\n<p><strong>magn\u012bs pec\u016bni\u012bs: <\/strong>abl. of means modifying <em>neg\u014dtiantem<\/em>.<\/p>\n\n\n\n<p><strong>r\u0101r\u0101 c\u0101niti\u0113: \u201c<\/strong>with scattered gray hair.\u201d<\/p>\n\n\n\n<p><a href=\"tel:617-552-4219.html\"><\/a><\/p>\n\n\n\n<p><\/p>\n\n<\/div><div role=\"tabpanel\" class=\"wp-block-ub-tabbed-content-tab-content-wrap active\" id=\"ub-tabbed-content-1f800682-2a89-455d-a525-04bbca8d1e4f-panel-1\" aria-labelledby=\"ub-tabbed-content-1f800682-2a89-455d-a525-04bbca8d1e4f-tab-1\" tabindex=\"0\">\n\n<p><strong>lassit\u016bd\u014d, -inis f.:<\/strong> See <a href=\"https:\/\/sites.bc.edu\/latin-commentary\/5-2\/\">5.2.3<\/a>.<\/p>\n\n\n\n<p><strong>sed\u012ble, -is n.: <\/strong>chair<strong>, <\/strong>bench, seat<\/p>\n\n\n\n<p><strong>refove\u014d, -\u0113re, ref\u014dv\u012b, ref\u014dtus:<\/strong> See <a href=\"https:\/\/sites.bc.edu\/latin-commentary\/5-2\/\">5.2.3<\/a>.<\/p>\n\n\n\n<p><strong>balneum, -\u012b<\/strong> <strong>n. sg.; balneae, -\u0101rum f. pl.: <\/strong>bath (different declensions for singular and plural forms)<\/p>\n\n\n\n<p><strong>vap\u014dr\u014dsus, -a, -um: <\/strong>steamy<\/p>\n\n\n\n<p><strong>be\u0101tus, -a, -um: <\/strong>here,<strong> <\/strong>lavish, abundant (<a href=\"https:\/\/logeion.uchicago.edu\/beo\">L&amp;S s.v. <em>be<strong>\u014d<\/strong><\/em>, <em>be\u0101tus, -a, -um <\/em>II B b<\/a>)<\/p>\n\n\n\n<p><strong>ed\u016bl\u012bs, -\u0113:<\/strong> See <a href=\"https:\/\/sites.bc.edu\/latin-commentary\/5-3\/\">5.3.3<\/a>.<\/p>\n\n\n\n<p><strong>tucc\u0113tum, -\u012b n.: <\/strong>sausage<\/p>\n\n\n\n<p><strong>oblect\u014d, -\u0101re: <\/strong>to delight, entertain (+ abl. of means)<\/p>\n\n\n\n<p><strong>ag\u014d, -ere, \u0113g\u012b, \u0101ctus: <\/strong>here, to perform, play (<a href=\"https:\/\/logeion.uchicago.edu\/ago\">L&amp;S s.v. <em>ag<strong>\u014d<\/strong> <\/em>II D 10<\/a>)<\/p>\n\n\n\n<p><strong>modulus, modul\u012b m.: <\/strong>here, melody<\/p>\n\n\n\n<p><strong>remulce\u014d, -\u0113re, remuls\u012b, remulsus: <\/strong>to delight<\/p>\n\n\n\n<p><strong>conqui\u0113sc\u014d, -ere, conqui\u0113vi, conqui\u0113tus: <\/strong>to rest<\/p>\n\n\n\n<p><strong>mell\u012btus, -a, -um: <\/strong>sweet like honey<\/p>\n\n\n\n<p><strong>pedica, -ae f.:<\/strong> trap, snare<\/p>\n\n\n\n<p><strong>sc\u012bscitor, -\u0101r\u012b, sc\u012bscit\u0101tus sum: <\/strong>to inquire<\/p>\n\n\n\n<p><strong>secta, -ae f.: <\/strong>way of life<\/p>\n\n\n\n<p><strong>c\u016bius, -a, -um<\/strong>: pertaining to whom\/what? whose? which? (Archaic word found mainly in Plautus and Terence)<\/p>\n\n\n\n<p><strong>obl\u012bv\u012bscor, -\u012b, obl\u012btus sum: <\/strong>to forget (+ gen.)<\/p>\n\n\n\n<p><strong>commentum,\u00a0 -\u012b n: <\/strong>fabrication<\/p>\n\n\n\n<p><strong>interspersus, -a, -um:<\/strong> sprinkled<\/p>\n\n\n\n<p><strong>opiparus, -a, -um:<\/strong> See <a href=\"https:\/\/sites.bc.edu\/latin-commentary\/?page_id=2517\">5.8.1<\/a>.<\/p>\n\n<\/div><div role=\"tabpanel\" class=\"wp-block-ub-tabbed-content-tab-content-wrap ub-hide\" id=\"ub-tabbed-content-1f800682-2a89-455d-a525-04bbca8d1e4f-panel-2\" aria-labelledby=\"ub-tabbed-content-1f800682-2a89-455d-a525-04bbca8d1e4f-tab-2\" tabindex=\"0\">\n<style>.kb-row-layout-id2515_aa2d3b-79 > .kt-row-column-wrap{align-content:start;}:where(.kb-row-layout-id2515_aa2d3b-79 > .kt-row-column-wrap) > .wp-block-kadence-column{justify-content:start;}.kb-row-layout-id2515_aa2d3b-79 > .kt-row-column-wrap{column-gap:var(--global-kb-gap-md, 2rem);row-gap:var(--global-kb-gap-md, 2rem);padding-top:var(--global-kb-spacing-sm, 1.5rem);padding-bottom:var(--global-kb-spacing-sm, 1.5rem);grid-template-columns:repeat(2, minmax(0, 1fr));}.kb-row-layout-id2515_aa2d3b-79 > .kt-row-layout-overlay{opacity:0.30;}@media all and (max-width: 1024px){.kb-row-layout-id2515_aa2d3b-79 > .kt-row-column-wrap{grid-template-columns:repeat(2, minmax(0, 1fr));}}@media all and (max-width: 767px){.kb-row-layout-id2515_aa2d3b-79 > .kt-row-column-wrap{grid-template-columns:minmax(0, 1fr);}}<\/style><div class=\"kb-row-layout-wrap kb-row-layout-id2515_aa2d3b-79 alignnone wp-block-kadence-rowlayout\"><div class=\"kt-row-column-wrap kt-has-2-columns kt-row-layout-equal kt-tab-layout-inherit kt-mobile-layout-row kt-row-valign-top\">\n<style>.kadence-column2515_a67e1f-7c > .kt-inside-inner-col,.kadence-column2515_a67e1f-7c > .kt-inside-inner-col:before{border-top-left-radius:0px;border-top-right-radius:0px;border-bottom-right-radius:0px;border-bottom-left-radius:0px;}.kadence-column2515_a67e1f-7c > .kt-inside-inner-col{column-gap:var(--global-kb-gap-sm, 1rem);}.kadence-column2515_a67e1f-7c > .kt-inside-inner-col{flex-direction:column;}.kadence-column2515_a67e1f-7c > .kt-inside-inner-col > .aligncenter{width:100%;}.kadence-column2515_a67e1f-7c > .kt-inside-inner-col:before{opacity:0.3;}.kadence-column2515_a67e1f-7c{position:relative;}@media all and (max-width: 1024px){.kadence-column2515_a67e1f-7c > .kt-inside-inner-col{flex-direction:column;justify-content:center;}}@media all and (max-width: 767px){.kadence-column2515_a67e1f-7c > .kt-inside-inner-col{flex-direction:column;justify-content:center;}}<\/style>\n<div class=\"wp-block-kadence-column kadence-column2515_a67e1f-7c\"><div class=\"kt-inside-inner-col\">\n<h3 class=\"wp-block-heading\"><\/h3>\n\n\n\n<p><img loading=\"lazy\" decoding=\"async\" src=\"https:\/\/lh7-us.googleusercontent.com\/08n4dYRIO1FW9a0ZuU0GK2UKC0X5uo7K9c5d8Hv1MbC9RMD3JBv2gOEVRzhmOhq9EMxWptnFd7EfgGa9g2GAbMRXiHsnx5yPmi9Fvw36dClCguIghfizTXNNW66XFOdiwRjYDsf8h8ADNxOf5h_p1Ng\" width=\"177\" height=\"267\"><\/p>\n<\/div><\/div>\n\n\n<style>.kadence-column2515_bdc7e8-ba > .kt-inside-inner-col,.kadence-column2515_bdc7e8-ba > .kt-inside-inner-col:before{border-top-left-radius:0px;border-top-right-radius:0px;border-bottom-right-radius:0px;border-bottom-left-radius:0px;}.kadence-column2515_bdc7e8-ba > .kt-inside-inner-col{column-gap:var(--global-kb-gap-sm, 1rem);}.kadence-column2515_bdc7e8-ba > .kt-inside-inner-col{flex-direction:column;}.kadence-column2515_bdc7e8-ba > .kt-inside-inner-col > .aligncenter{width:100%;}.kadence-column2515_bdc7e8-ba > .kt-inside-inner-col:before{opacity:0.3;}.kadence-column2515_bdc7e8-ba{position:relative;}@media all and (max-width: 1024px){.kadence-column2515_bdc7e8-ba > .kt-inside-inner-col{flex-direction:column;justify-content:center;}}@media all and (max-width: 767px){.kadence-column2515_bdc7e8-ba > .kt-inside-inner-col{flex-direction:column;justify-content:center;}}<\/style>\n<div class=\"wp-block-kadence-column kadence-column2515_bdc7e8-ba\"><div class=\"kt-inside-inner-col\">\n<p><em>Tibiae pares<\/em> made of vulture bone from a Roman cemetery in Mook, near Nijmegen, the Netherlands. These pipes likely had a ritual musical purpose (Joan Rimmer 1976, \u201cThe Tibia Pares of Mook,\u201d<em> The Galpin Society Journal<\/em> 29, 42\u201346).<\/p>\n<\/div><\/div>\n\n<\/div><\/div>\n\n<style>.kb-row-layout-id2515_a35df9-56 > .kt-row-column-wrap{align-content:start;}:where(.kb-row-layout-id2515_a35df9-56 > .kt-row-column-wrap) > .wp-block-kadence-column{justify-content:start;}.kb-row-layout-id2515_a35df9-56 > .kt-row-column-wrap{column-gap:var(--global-kb-gap-md, 2rem);row-gap:var(--global-kb-gap-md, 2rem);padding-top:var(--global-kb-spacing-sm, 1.5rem);padding-bottom:var(--global-kb-spacing-sm, 1.5rem);grid-template-columns:repeat(2, minmax(0, 1fr));}.kb-row-layout-id2515_a35df9-56 > .kt-row-layout-overlay{opacity:0.30;}@media all and (max-width: 1024px){.kb-row-layout-id2515_a35df9-56 > .kt-row-column-wrap{grid-template-columns:repeat(2, minmax(0, 1fr));}}@media all and (max-width: 767px){.kb-row-layout-id2515_a35df9-56 > .kt-row-column-wrap{grid-template-columns:minmax(0, 1fr);}}<\/style><div class=\"kb-row-layout-wrap kb-row-layout-id2515_a35df9-56 alignnone wp-block-kadence-rowlayout\"><div class=\"kt-row-column-wrap kt-has-2-columns kt-row-layout-equal kt-tab-layout-inherit kt-mobile-layout-row kt-row-valign-top\">\n<style>.kadence-column2515_433803-72 > .kt-inside-inner-col,.kadence-column2515_433803-72 > .kt-inside-inner-col:before{border-top-left-radius:0px;border-top-right-radius:0px;border-bottom-right-radius:0px;border-bottom-left-radius:0px;}.kadence-column2515_433803-72 > .kt-inside-inner-col{column-gap:var(--global-kb-gap-sm, 1rem);}.kadence-column2515_433803-72 > .kt-inside-inner-col{flex-direction:column;}.kadence-column2515_433803-72 > .kt-inside-inner-col > .aligncenter{width:100%;}.kadence-column2515_433803-72 > .kt-inside-inner-col:before{opacity:0.3;}.kadence-column2515_433803-72{position:relative;}@media all and (max-width: 1024px){.kadence-column2515_433803-72 > .kt-inside-inner-col{flex-direction:column;justify-content:center;}}@media all and (max-width: 767px){.kadence-column2515_433803-72 > .kt-inside-inner-col{flex-direction:column;justify-content:center;}}<\/style>\n<div class=\"wp-block-kadence-column kadence-column2515_433803-72\"><div class=\"kt-inside-inner-col\"><\/div><\/div>\n\n\n<style>.kadence-column2515_ec713c-10 > .kt-inside-inner-col,.kadence-column2515_ec713c-10 > .kt-inside-inner-col:before{border-top-left-radius:0px;border-top-right-radius:0px;border-bottom-right-radius:0px;border-bottom-left-radius:0px;}.kadence-column2515_ec713c-10 > .kt-inside-inner-col{column-gap:var(--global-kb-gap-sm, 1rem);}.kadence-column2515_ec713c-10 > .kt-inside-inner-col{flex-direction:column;}.kadence-column2515_ec713c-10 > .kt-inside-inner-col > .aligncenter{width:100%;}.kadence-column2515_ec713c-10 > .kt-inside-inner-col:before{opacity:0.3;}.kadence-column2515_ec713c-10{position:relative;}@media all and (max-width: 1024px){.kadence-column2515_ec713c-10 > .kt-inside-inner-col{flex-direction:column;justify-content:center;}}@media all and (max-width: 767px){.kadence-column2515_ec713c-10 > .kt-inside-inner-col{flex-direction:column;justify-content:center;}}<\/style>\n<div class=\"wp-block-kadence-column kadence-column2515_ec713c-10\"><div class=\"kt-inside-inner-col\"><\/div><\/div>\n\n<\/div><\/div>\n<\/div><\/div>\n\t\t<\/div><\/div><\/div>\n\n<\/div><\/div>\n\n\n<div style=\"height:34px\" aria-hidden=\"true\" class=\"wp-block-spacer\"><\/div>\n\n\n\n<div class=\"wp-block-buttons has-custom-font-size has-small-font-size is-content-justification-space-between is-nowrap is-layout-flex wp-container-core-buttons-is-layout-5924e470 wp-block-buttons-is-layout-flex\">\n<div class=\"wp-block-button is-style-outline is-style-outline--3\"><a class=\"wp-block-button__link has-ast-global-color-6-background-color has-background wp-element-button\" style=\"border-style:none;border-width:0px\">Previous<\/a><\/div>\n\n\n\n<div class=\"wp-block-button is-style-outline is-style-outline--4\"><a class=\"wp-block-button__link has-ast-global-color-6-background-color has-background wp-element-button\" style=\"border-style:none;border-width:0px\">Next<\/a><\/div>\n<\/div>\n\n\n\n<div style=\"height:34px\" aria-hidden=\"true\" class=\"wp-block-spacer\"><\/div>\n","protected":false},"excerpt":{"rendered":"<p>5.15 [1] S\u012bc adfecti\u014dne simul\u0101t\u0101 paul\u0101tim sor\u014dris inv\u0101dunt animum, statimque e\u0101s \u0101 lassit\u016bdine viae sed\u012blibus ref\u014dt\u0101s et balne\u0101rum vap\u014dr\u014ds\u012bs fontibus c\u016br\u0101t\u0101s pulcherrim\u0113 tr\u012bcl\u012bni\u014d m\u012br\u012bsque ill\u012bs et be\u0101t\u012bs edulibus atque tucc\u0113t\u012bs oblectat. [2] Iubet citharam loqu\u012b: psallitur; t\u012bbi\u0101s agere: son\u0101tur; chor\u014ds canere: cant\u0101tur. Quae c\u016bncta n\u016bll\u014d praesente dulcissim\u012bs modul\u012bs anim\u014ds audientium remulc\u0113bant. [3] Nec tamen scelest\u0101rum [&hellip;]<\/p>\n","protected":false},"author":1,"featured_media":0,"parent":0,"menu_order":0,"comment_status":"closed","ping_status":"closed","template":"","meta":{"_coblocks_attr":"","_coblocks_dimensions":"","_coblocks_responsive_height":"","_coblocks_accordion_ie_support":"","site-sidebar-layout":"default","site-content-layout":"","ast-site-content-layout":"default","site-content-style":"default","site-sidebar-style":"default","ast-global-header-display":"","ast-banner-title-visibility":"","ast-main-header-display":"","ast-hfb-above-header-display":"","ast-hfb-below-header-display":"","ast-hfb-mobile-header-display":"","site-post-title":"disabled","ast-breadcrumbs-content":"","ast-featured-img":"","footer-sml-layout":"","ast-disable-related-posts":"","theme-transparent-header-meta":"","adv-header-id-meta":"","stick-header-meta":"","header-above-stick-meta":"","header-main-stick-meta":"","header-below-stick-meta":"","astra-migrate-meta-layouts":"set","ast-page-background-enabled":"default","ast-page-background-meta":{"desktop":{"background-color":"var(--ast-global-color-4)","background-image":"","background-repeat":"repeat","background-position":"center center","background-size":"auto","background-attachment":"scroll","background-type":"","background-media":"","overlay-type":"","overlay-color":"","overlay-opacity":"","overlay-gradient":""},"tablet":{"background-color":"","background-image":"","background-repeat":"repeat","background-position":"center center","background-size":"auto","background-attachment":"scroll","background-type":"","background-media":"","overlay-type":"","overlay-color":"","overlay-opacity":"","overlay-gradient":""},"mobile":{"background-color":"","background-image":"","background-repeat":"repeat","background-position":"center center","background-size":"auto","background-attachment":"scroll","background-type":"","background-media":"","overlay-type":"","overlay-color":"","overlay-opacity":"","overlay-gradient":""}},"ast-content-background-meta":{"desktop":{"background-color":"var(--ast-global-color-5)","background-image":"","background-repeat":"repeat","background-position":"center center","background-size":"auto","background-attachment":"scroll","background-type":"","background-media":"","overlay-type":"","overlay-color":"","overlay-opacity":"","overlay-gradient":""},"tablet":{"background-color":"var(--ast-global-color-5)","background-image":"","background-repeat":"repeat","background-position":"center center","background-size":"auto","background-attachment":"scroll","background-type":"","background-media":"","overlay-type":"","overlay-color":"","overlay-opacity":"","overlay-gradient":""},"mobile":{"background-color":"var(--ast-global-color-5)","background-image":"","background-repeat":"repeat","background-position":"center center","background-size":"auto","background-attachment":"scroll","background-type":"","background-media":"","overlay-type":"","overlay-color":"","overlay-opacity":"","overlay-gradient":""}},"footnotes":""},"class_list":["post-2515","page","type-page","status-publish","hentry"],"featured_image_src":null,"_links":{"self":[{"href":"https:\/\/sites.bc.edu\/latin-commentary\/wp-json\/wp\/v2\/pages\/2515","targetHints":{"allow":["GET"]}}],"collection":[{"href":"https:\/\/sites.bc.edu\/latin-commentary\/wp-json\/wp\/v2\/pages"}],"about":[{"href":"https:\/\/sites.bc.edu\/latin-commentary\/wp-json\/wp\/v2\/types\/page"}],"author":[{"embeddable":true,"href":"https:\/\/sites.bc.edu\/latin-commentary\/wp-json\/wp\/v2\/users\/1"}],"replies":[{"embeddable":true,"href":"https:\/\/sites.bc.edu\/latin-commentary\/wp-json\/wp\/v2\/comments?post=2515"}],"version-history":[{"count":8,"href":"https:\/\/sites.bc.edu\/latin-commentary\/wp-json\/wp\/v2\/pages\/2515\/revisions"}],"predecessor-version":[{"id":2901,"href":"https:\/\/sites.bc.edu\/latin-commentary\/wp-json\/wp\/v2\/pages\/2515\/revisions\/2901"}],"wp:attachment":[{"href":"https:\/\/sites.bc.edu\/latin-commentary\/wp-json\/wp\/v2\/media?parent=2515"}],"curies":[{"name":"wp","href":"https:\/\/api.w.org\/{rel}","templated":true}]}}