{"id":5955,"date":"2021-04-11T15:19:17","date_gmt":"2021-04-11T15:19:17","guid":{"rendered":"https:\/\/sites.bc.edu\/jesuitportal-recovery\/?page_id=5955"},"modified":"2021-04-12T15:28:05","modified_gmt":"2021-04-12T15:28:05","slug":"april-2021-new-date-for-xviii-jornadas-internacionales-sobre-las-misiones-jesuiticas","status":"publish","type":"page","link":"https:\/\/sites.bc.edu\/jesuitportal-recovery\/?page_id=5955","title":{"rendered":"April 2021: New Date for XVIII Jornadas Internacionales sobre las Misiones Jesu\u00edticas"},"content":{"rendered":"<p>Because of the global pandemic, the date for the\u00a0XVIII Jornadas Internacionales sobre las Misiones Jesu\u00edticas has been changed to November 8-11, 2022.<\/p>\n<p>&nbsp;<\/p>\n<p>The conference will take place in Montevideo. Its theme is: &#8220;LAS MISIONES JESU\u00cdTICAS PENSADAS DESDE EL SIGLO XXI: sentidos de la asimilaci\u00f3n, traducciones regionales y formas locales del proyecto ecum\u00e9nico jesu\u00edtico.&#8221;<\/p>\n<p>&nbsp;<\/p>\n<p>The application deadline is April 15, 2022. Additional information is available at:\u00a0<a href=\"http:\/\/www.museohistorico.gub.uy\/innovaportal\/v\/123766\/33\/mecweb\/xviii-jornadas-internacionales-sobre-las-misiones-jesuiticas-en-el-mhn?search=yes\" target=\"_blank\" rel=\"noopener\">http:\/\/www.museohistorico.gub.uy\/innovaportal\/v\/123766\/33\/mecweb\/xviii-jornadas-internacionales-sobre-las-misiones-jesuiticas-en-el-mhn?search=yes<\/a><\/p>\n<p>&nbsp;<\/p>\n","protected":false},"excerpt":{"rendered":"<p>Because of the global pandemic, the date for the\u00a0XVIII Jornadas Internacionales sobre las Misiones Jesu\u00edticas has been changed to November 8-11, 2022. &nbsp; The conference will take place in Montevideo. Its theme is: &#8220;LAS MISIONES JESU\u00cdTICAS PENSADAS DESDE EL SIGLO XXI: sentidos de la asimilaci\u00f3n, traducciones regionales y formas locales del proyecto ecum\u00e9nico jesu\u00edtico.&#8221; &nbsp; [&hellip;]<\/p>\n","protected":false},"author":127185,"featured_media":5956,"parent":888,"menu_order":0,"comment_status":"closed","ping_status":"closed","template":"page-standard.php","meta":{"footnotes":""},"class_list":["post-5955","page","type-page","status-publish","has-post-thumbnail","hentry"],"_links":{"self":[{"href":"https:\/\/sites.bc.edu\/jesuitportal-recovery\/index.php?rest_route=\/wp\/v2\/pages\/5955","targetHints":{"allow":["GET"]}}],"collection":[{"href":"https:\/\/sites.bc.edu\/jesuitportal-recovery\/index.php?rest_route=\/wp\/v2\/pages"}],"about":[{"href":"https:\/\/sites.bc.edu\/jesuitportal-recovery\/index.php?rest_route=\/wp\/v2\/types\/page"}],"author":[{"embeddable":true,"href":"https:\/\/sites.bc.edu\/jesuitportal-recovery\/index.php?rest_route=\/wp\/v2\/users\/127185"}],"replies":[{"embeddable":true,"href":"https:\/\/sites.bc.edu\/jesuitportal-recovery\/index.php?rest_route=%2Fwp%2Fv2%2Fcomments&post=5955"}],"version-history":[{"count":1,"href":"https:\/\/sites.bc.edu\/jesuitportal-recovery\/index.php?rest_route=\/wp\/v2\/pages\/5955\/revisions"}],"predecessor-version":[{"id":5957,"href":"https:\/\/sites.bc.edu\/jesuitportal-recovery\/index.php?rest_route=\/wp\/v2\/pages\/5955\/revisions\/5957"}],"up":[{"embeddable":true,"href":"https:\/\/sites.bc.edu\/jesuitportal-recovery\/index.php?rest_route=\/wp\/v2\/pages\/888"}],"wp:featuredmedia":[{"embeddable":true,"href":"https:\/\/sites.bc.edu\/jesuitportal-recovery\/index.php?rest_route=\/wp\/v2\/media\/5956"}],"wp:attachment":[{"href":"https:\/\/sites.bc.edu\/jesuitportal-recovery\/index.php?rest_route=%2Fwp%2Fv2%2Fmedia&parent=5955"}],"curies":[{"name":"wp","href":"https:\/\/api.w.org\/{rel}","templated":true}]}}