{"id":5115,"date":"2019-04-12T13:10:17","date_gmt":"2019-04-12T13:10:17","guid":{"rendered":"https:\/\/sites.bc.edu\/jesuitportal-recovery\/?page_id=5115"},"modified":"2019-04-16T15:21:59","modified_gmt":"2019-04-16T15:21:59","slug":"april-2019-new-symposium-volume-on-suarez","status":"publish","type":"page","link":"https:\/\/sites.bc.edu\/jesuitportal-recovery\/?page_id=5115","title":{"rendered":"April 2019: New Symposium Volume on Su\u00e1rez"},"content":{"rendered":"<p>Selected proceedings from the <a href=\"https:\/\/sites.bc.edu\/jesuitportal-recovery\/news\/june-2018-international-symposium-meets-in-seville\/\" target=\"_blank\" rel=\"noopener\">2018 International Symposium on Jesuit Studies<\/a>\u00a0have been published in a new, bilingual volume in Brill&#8217;s <a href=\"http:\/\/www.brill.com\/publications\/jesuit-studies\" target=\"_blank\" rel=\"noopener\">Jesuit Studies book series<\/a>.\u00a0<a href=\"https:\/\/brill.com\/abstract\/title\/54568\" target=\"_blank\" rel=\"noopener\"><em><strong>Francisco Su\u00e1rez (1548\u20131617):<\/strong> Jesuits and the Complexities of Modernity<\/em><\/a>\u00a0consists of 19 essays over five categories: Metaphysics; Religion, Law, Society; Political Theories; Psychology; and Legacy. The full table of contents appear below.<\/p>\n<p>&nbsp;<\/p>\n<p>The volume, co-edited by Robert Maryks and Juan Antonio Senent de Frutos, emerged from an international symposium on the thought of Su\u00e1rez. The event was co-organized in Seville, Spain, by the Departamento de Humanidades y Filosof\u00eda at Universidad Loyola Andaluc\u00eda and the Institute for Advanced Jesuit Studies at Boston College. &#8220;Su\u00e1rez,&#8221; according to the publisher, &#8220;was a theologian, philosopher and jurist who had a significant cultural impact on the development of modernity. Commemorating the four-hundredth anniversary of his death, the symposium studied the work of Su\u00e1rez and other Jesuits of his time in the context of diverse traditions that came together in Europe between the late Middle Ages, the Renaissance, and early modernity.&#8221;<\/p>\n<p>&nbsp;<\/p>\n<p>&nbsp;<\/p>\n<p>&nbsp;<\/p>\n<p>Preface<br \/>\nBy: Robert Aleksander Maryks<\/p>\n<p>Introducci\u00f3n<br \/>\nBy: Juan Antonio Senent-De Frutos<\/p>\n<p><strong>Metaphysics<\/strong><\/p>\n<p style=\"padding-left: 60px;\">Francisco Su\u00e1rez\u2019s Metaphysics of Cognitive Acts<\/p>\n<p style=\"padding-left: 90px;\">By: Daniel Heider<\/p>\n<p style=\"padding-left: 60px;\">Su\u00e1rez on Substantial Forms: a Heroic Last Stand?<\/p>\n<p style=\"padding-left: 90px;\">By: Sydney Penner<\/p>\n<p style=\"padding-left: 60px;\">Intrinsic Being or the Formal Structures of Thought? The Grounding of Possibility in Francisco Su\u00e1rez\u2019s Metaphysics<\/p>\n<p style=\"padding-left: 90px;\">By: Matthew Z. Vale<\/p>\n<p style=\"padding-left: 60px;\">En contra del esencialismo: Ente real y existencia en Su\u00e1rez<\/p>\n<p style=\"padding-left: 90px;\">By: \u00c1ngel Poncela Gonz\u00e1lez<\/p>\n<p>&nbsp;<\/p>\n<p><strong>Religion, Law, Society<\/strong><\/p>\n<p style=\"padding-left: 60px;\">Francisco Su\u00e1rez: Religious Freedom and International Law<\/p>\n<p style=\"padding-left: 90px;\">By: Robert Fastiggi<\/p>\n<p style=\"padding-left: 60px;\">Francisco Su\u00e1rez on Religion and Religious Pluralism<\/p>\n<p style=\"padding-left: 90px;\">By: Aaron Pidel S.J.<\/p>\n<p style=\"padding-left: 60px;\">Encarnaci\u00f3n y subsistencia en las Disputaciones metaf\u00edsicas de Francisco Su\u00e1rez: Algunas cuestiones en torno a los fundamentos de la modernidad<\/p>\n<p style=\"padding-left: 90px;\">By: Julio S\u00f6chting<\/p>\n<p style=\"padding-left: 60px;\">Settling Law: Francisco Su\u00e1rez\u2019s Theory of Custom for Contemporary Contexts<\/p>\n<p style=\"padding-left: 90px;\">By: Elisabeth Rain Kincaid<\/p>\n<p>&nbsp;<\/p>\n<p><strong>Political Theories<\/strong><\/p>\n<p style=\"padding-left: 60px;\">Francisco Su\u00e1rez y la posibilidad de intervenci\u00f3n p\u00fablica en asuntos sociales<\/p>\n<p style=\"padding-left: 90px;\">By: Luis-Carlos Amez\u00faa Amez\u00faa<\/p>\n<p style=\"padding-left: 60px;\">Beyond Cosmopolitanism and Nationalism: Finding Resources in Francisco Su\u00e1rez\u2019s Political Theology<\/p>\n<p style=\"padding-left: 90px;\">By: Liam de los Reyes<\/p>\n<p style=\"padding-left: 60px;\">Entrega del poder al gobernante y esclavitud voluntaria de la comunidad pol\u00edtica en Francisco Su\u00e1rez: Una interpretaci\u00f3n desde los l\u00edmites f\u00e1cticos al poder<\/p>\n<p style=\"padding-left: 90px;\">By: Pablo Font Oporto<\/p>\n<p style=\"padding-left: 60px;\">Francisco Su\u00e1rez y la propaganda pol\u00edtico-apocal\u00edptica en la Inglaterra de Jacobo i: El libro V de la Defensio fidei; El Anticristo<\/p>\n<p style=\"padding-left: 90px;\">By: Pilar Pena B\u00faa<\/p>\n<p style=\"padding-left: 60px;\">Francisco Su\u00e1rez: Absolutist or Constitutionalist?<\/p>\n<p style=\"padding-left: 90px;\">By: Szil\u00e1rd Tattay<\/p>\n<p>&nbsp;<\/p>\n<p><strong>Psychology<\/strong><\/p>\n<p style=\"padding-left: 60px;\">El s\u00ed mismo desde Su\u00e1rez y el valor moral de los h\u00e1bitos<\/p>\n<p style=\"padding-left: 90px;\">By: Giannina Burlando<\/p>\n<p style=\"padding-left: 60px;\">Separated Soul and Its Nature: Francisco Su\u00e1rez in the Scholastic Debate<\/p>\n<p style=\"padding-left: 90px;\">By: Simone Guidi<\/p>\n<p style=\"padding-left: 60px;\">Doctrinal Divergences on the Nature of Human Composite in Two Commentaries on Aristotle\u2019s De anima (Anonymous, Cod. 2399 bguc and Francisco Su\u00e1rez): New Material on the Jesuit School of Coimbra and the Cursus Conimbricensis<\/p>\n<p style=\"padding-left: 90px;\">By: Paula Oliveira e Silva and Jo\u00e3o Rebalde<\/p>\n<p style=\"padding-left: 60px;\">Su\u00e1rez, Maquiavelo y una moderna noci\u00f3n de prudencia: Derivaciones pol\u00edticas en la obra de Diego de Saavedra Fajardo<\/p>\n<p style=\"padding-left: 90px;\">By: Nicol\u00e1s Vivalda<\/p>\n<p>&nbsp;<\/p>\n<p><strong>Legacy<\/strong><\/p>\n<p style=\"padding-left: 60px;\">Francisco Su\u00e1rez and John Locke on Rights and Alienability: a Critical Conversation<\/p>\n<p style=\"padding-left: 90px;\">By: Catherine Sims Kuiper<\/p>\n<p style=\"padding-left: 60px;\">La imposible teolog\u00eda pol\u00edtica: Gobierno y justicia en Francisco Su\u00e1rez<\/p>\n<p style=\"padding-left: 90px;\">By: Lorenzo Rustighi<\/p>\n","protected":false},"excerpt":{"rendered":"<p>Selected proceedings from the 2018 International Symposium on Jesuit Studies\u00a0have been published in a new, bilingual volume in Brill&#8217;s Jesuit Studies book series.\u00a0Francisco Su\u00e1rez (1548\u20131617): Jesuits and the Complexities of Modernity\u00a0consists of 19 essays over five categories: Metaphysics; Religion, Law, Society; Political Theories; Psychology; and Legacy. The full table of contents appear below. &nbsp; The [&hellip;]<\/p>\n","protected":false},"author":127185,"featured_media":5116,"parent":888,"menu_order":0,"comment_status":"closed","ping_status":"closed","template":"page-standard.php","meta":{"footnotes":""},"class_list":["post-5115","page","type-page","status-publish","has-post-thumbnail","hentry"],"_links":{"self":[{"href":"https:\/\/sites.bc.edu\/jesuitportal-recovery\/index.php?rest_route=\/wp\/v2\/pages\/5115","targetHints":{"allow":["GET"]}}],"collection":[{"href":"https:\/\/sites.bc.edu\/jesuitportal-recovery\/index.php?rest_route=\/wp\/v2\/pages"}],"about":[{"href":"https:\/\/sites.bc.edu\/jesuitportal-recovery\/index.php?rest_route=\/wp\/v2\/types\/page"}],"author":[{"embeddable":true,"href":"https:\/\/sites.bc.edu\/jesuitportal-recovery\/index.php?rest_route=\/wp\/v2\/users\/127185"}],"replies":[{"embeddable":true,"href":"https:\/\/sites.bc.edu\/jesuitportal-recovery\/index.php?rest_route=%2Fwp%2Fv2%2Fcomments&post=5115"}],"version-history":[{"count":3,"href":"https:\/\/sites.bc.edu\/jesuitportal-recovery\/index.php?rest_route=\/wp\/v2\/pages\/5115\/revisions"}],"predecessor-version":[{"id":5119,"href":"https:\/\/sites.bc.edu\/jesuitportal-recovery\/index.php?rest_route=\/wp\/v2\/pages\/5115\/revisions\/5119"}],"up":[{"embeddable":true,"href":"https:\/\/sites.bc.edu\/jesuitportal-recovery\/index.php?rest_route=\/wp\/v2\/pages\/888"}],"wp:featuredmedia":[{"embeddable":true,"href":"https:\/\/sites.bc.edu\/jesuitportal-recovery\/index.php?rest_route=\/wp\/v2\/media\/5116"}],"wp:attachment":[{"href":"https:\/\/sites.bc.edu\/jesuitportal-recovery\/index.php?rest_route=%2Fwp%2Fv2%2Fmedia&parent=5115"}],"curies":[{"name":"wp","href":"https:\/\/api.w.org\/{rel}","templated":true}]}}

April 2019: New Symposium Volume on Suárez

<p>Selected proceedings from the <a href="https://sites.bc.edu/jesuitportal-recovery/news/june-2018-international-symposium-meets-in-seville/" target="_blank" rel="noopener">2018 International Symposium on Jesuit Studies</a> have been published in a new, bilingual volume in Brill&#8217;s <a href="http://www.brill.com/publications/jesuit-studies" target="_blank" rel="noopener">Jesuit Studies book series</a>. <a href="https://brill.com/abstract/title/54568" target="_blank" rel="noopener"><em><strong>Francisco Suárez (1548–1617):</strong> Jesuits and the Complexities of Modernity</em></a> consists of 19 essays over five categories: Metaphysics; Religion, Law, Society; Political Theories; Psychology; and Legacy. The full table of contents appear below.</p>
<p>&nbsp;</p>
<p>The volume, co-edited by Robert Maryks and Juan Antonio Senent de Frutos, emerged from an international symposium on the thought of Suárez. The event was co-organized in Seville, Spain, by the Departamento de Humanidades y Filosofía at Universidad Loyola Andalucía and the Institute for Advanced Jesuit Studies at Boston College. &#8220;Suárez,&#8221; according to the publisher, &#8220;was a theologian, philosopher and jurist who had a significant cultural impact on the development of modernity. Commemorating the four-hundredth anniversary of his death, the symposium studied the work of Suárez and other Jesuits of his time in the context of diverse traditions that came together in Europe between the late Middle Ages, the Renaissance, and early modernity.&#8221;</p>
<p>&nbsp;</p>
<p>&nbsp;</p>
<p>&nbsp;</p>
<p>Preface<br />
By: Robert Aleksander Maryks</p>
<p>Introducción<br />
By: Juan Antonio Senent-De Frutos</p>
<p><strong>Metaphysics</strong></p>
<p style="padding-left: 60px;">Francisco Suárez’s Metaphysics of Cognitive Acts</p>
<p style="padding-left: 90px;">By: Daniel Heider</p>
<p style="padding-left: 60px;">Suárez on Substantial Forms: a Heroic Last Stand?</p>
<p style="padding-left: 90px;">By: Sydney Penner</p>
<p style="padding-left: 60px;">Intrinsic Being or the Formal Structures of Thought? The Grounding of Possibility in Francisco Suárez’s Metaphysics</p>
<p style="padding-left: 90px;">By: Matthew Z. Vale</p>
<p style="padding-left: 60px;">En contra del esencialismo: Ente real y existencia en Suárez</p>
<p style="padding-left: 90px;">By: Ángel Poncela González</p>
<p>&nbsp;</p>
<p><strong>Religion, Law, Society</strong></p>
<p style="padding-left: 60px;">Francisco Suárez: Religious Freedom and International Law</p>
<p style="padding-left: 90px;">By: Robert Fastiggi</p>
<p style="padding-left: 60px;">Francisco Suárez on Religion and Religious Pluralism</p>
<p style="padding-left: 90px;">By: Aaron Pidel S.J.</p>
<p style="padding-left: 60px;">Encarnación y subsistencia en las Disputaciones metafísicas de Francisco Suárez: Algunas cuestiones en torno a los fundamentos de la modernidad</p>
<p style="padding-left: 90px;">By: Julio Söchting</p>
<p style="padding-left: 60px;">Settling Law: Francisco Suárez’s Theory of Custom for Contemporary Contexts</p>
<p style="padding-left: 90px;">By: Elisabeth Rain Kincaid</p>
<p>&nbsp;</p>
<p><strong>Political Theories</strong></p>
<p style="padding-left: 60px;">Francisco Suárez y la posibilidad de intervención pública en asuntos sociales</p>
<p style="padding-left: 90px;">By: Luis-Carlos Amezúa Amezúa</p>
<p style="padding-left: 60px;">Beyond Cosmopolitanism and Nationalism: Finding Resources in Francisco Suárez’s Political Theology</p>
<p style="padding-left: 90px;">By: Liam de los Reyes</p>
<p style="padding-left: 60px;">Entrega del poder al gobernante y esclavitud voluntaria de la comunidad política en Francisco Suárez: Una interpretación desde los límites fácticos al poder</p>
<p style="padding-left: 90px;">By: Pablo Font Oporto</p>
<p style="padding-left: 60px;">Francisco Suárez y la propaganda político-apocalíptica en la Inglaterra de Jacobo i: El libro V de la Defensio fidei; El Anticristo</p>
<p style="padding-left: 90px;">By: Pilar Pena Búa</p>
<p style="padding-left: 60px;">Francisco Suárez: Absolutist or Constitutionalist?</p>
<p style="padding-left: 90px;">By: Szilárd Tattay</p>
<p>&nbsp;</p>
<p><strong>Psychology</strong></p>
<p style="padding-left: 60px;">El sí mismo desde Suárez y el valor moral de los hábitos</p>
<p style="padding-left: 90px;">By: Giannina Burlando</p>
<p style="padding-left: 60px;">Separated Soul and Its Nature: Francisco Suárez in the Scholastic Debate</p>
<p style="padding-left: 90px;">By: Simone Guidi</p>
<p style="padding-left: 60px;">Doctrinal Divergences on the Nature of Human Composite in Two Commentaries on Aristotle’s De anima (Anonymous, Cod. 2399 bguc and Francisco Suárez): New Material on the Jesuit School of Coimbra and the Cursus Conimbricensis</p>
<p style="padding-left: 90px;">By: Paula Oliveira e Silva and João Rebalde</p>
<p style="padding-left: 60px;">Suárez, Maquiavelo y una moderna noción de prudencia: Derivaciones políticas en la obra de Diego de Saavedra Fajardo</p>
<p style="padding-left: 90px;">By: Nicolás Vivalda</p>
<p>&nbsp;</p>
<p><strong>Legacy</strong></p>
<p style="padding-left: 60px;">Francisco Suárez and John Locke on Rights and Alienability: a Critical Conversation</p>
<p style="padding-left: 90px;">By: Catherine Sims Kuiper</p>
<p style="padding-left: 60px;">La imposible teología política: Gobierno y justicia en Francisco Suárez</p>
<p style="padding-left: 90px;">By: Lorenzo Rustighi</p>

<p>Selected proceedings from the 2018 International Symposium on Jesuit Studies have been published in a new, bilingual volume in Brill&#8217;s Jesuit Studies book series. Francisco Suárez (1548–1617): Jesuits and the Complexities of Modernity consists of 19 essays over five categories: Metaphysics; Religion, Law, Society; Political Theories; Psychology; and Legacy. The full table of contents appear below. &nbsp; The [&hellip;]</p>
