{"id":4374,"date":"2019-01-07T01:53:20","date_gmt":"2019-01-07T01:53:20","guid":{"rendered":"https:\/\/sites.bc.edu\/jesuitportal-recovery\/?page_id=4374"},"modified":"2019-01-03T12:27:59","modified_gmt":"2019-01-03T12:27:59","slug":"january-2019-one-volume-history-of-the-jesuits-now-available-in-portuguese","status":"publish","type":"page","link":"https:\/\/sites.bc.edu\/jesuitportal-recovery\/?page_id=4374","title":{"rendered":"January 2019: One-Volume History of the Jesuits Now Available in Portuguese"},"content":{"rendered":"<p>Claudio Ferlan&#8217;s one-volume history of the Jesuits&#8211;first published in Italian as\u00a0<a href=\"https:\/\/sites.bc.edu\/jesuitportal-recovery\/news\/march-2015-new-one-volume-history-of-the-jesuits-in-italian\/\" target=\"_blank\" rel=\"noopener\"><em>I gesuiti<\/em><\/a>&#8211;has been translated into Portuguese.<\/p>\n<p>&nbsp;<\/p>\n<p><a href=\"https:\/\/www.loyola.com.br\/produtos_descricao.asp?lang=pt_BR&amp;codigo_produto=32939\" target=\"_blank\" rel=\"noopener\"><em>Os Jesu\u00edtas<\/em><\/a>\u00a0is a 208-page summary of the Society of Jesus, from Ignatius of Loyola and the founding of the religious order to the election of Pope Francis.<\/p>\n<p>&nbsp;<\/p>\n<p>More information about the original publication is available on the <a href=\"https:\/\/sites.bc.edu\/jesuitportal-recovery\/news\/march-2015-new-one-volume-history-of-the-jesuits-in-italian\/\" target=\"_blank\" rel=\"noopener\">Portal to Jesuit Studies<\/a>.\u00a0The\u00a0<em>Journal of Jesuit Studies<\/em>\u00a0reviewed that publication\u00a0(<a href=\"http:\/\/booksandjournals.brillonline.com\/content\/journals\/10.1163\/22141332-00303008-03\" target=\"_blank\" rel=\"noopener\">Volume 3, Issue 3<\/a>).<\/p>\n<p>&nbsp;<\/p>\n<p>A summary in Portuguese follows. More information is available at the website of the publisher, Edi\u00e7\u00f5es Loyola:\u00a0<a href=\"https:\/\/www.loyola.com.br\/produtos_descricao.asp?lang=pt_BR&amp;codigo_produto=32939\" target=\"_blank\" rel=\"noopener\">https:\/\/www.loyola.com.br\/produtos_descricao.asp?lang=pt_BR&amp;codigo_produto=32939<\/a><\/p>\n<p>&nbsp;<\/p>\n<p>&nbsp;<\/p>\n<p><em>Os Jesu\u00edtas\u00a0<\/em><\/p>\n<p>Claudio Ferlan,\u00a0researcher at the Bruno Kessler Foundation\u2019s Italian-German Historical Institute<\/p>\n<p>&nbsp;<\/p>\n<p>Este livro \u00e9 uma s\u00edntese de pesquisas sobre a fam\u00edlia inaciana &#8211; do fundador In\u00e1cio de Loyola ao argentino Bergoglio, primeiro papa jesu\u00edta da hist\u00f3ria &#8211; desenvolvidas principalmente em torno de tr\u00eas aspectos: o modo de proceder, a obedi\u00eancia e a identidade.<\/p>\n<p>A divis\u00e3o dos cap\u00edtulos revela op\u00e7\u00f5es ditadas pelo \u00e2mbito da pesquisa e pelas expectativas do leitor. A ordem da narra\u00e7\u00e3o \u00e9 principalmente cronol\u00f3gica, embora o autor tenha procurado entrela\u00e7ar a narra\u00e7\u00e3o tem\u00e1tica sobretudo no cap\u00edtulo dedicado \u00e0s miss\u00f5es.<\/p>\n<p>A Companhia de Jesus (Societas Iesu) teve importante papel entre os s\u00e9culos XVI e XVIII: em particular, na instru\u00e7\u00e3o das elites europeias e na intensa obra mission\u00e1ria, da qual \u00e9 s\u00edmbolo a saga do jesu\u00edta Matteo Ricci, na China. Extinta em 1773 e reconstitu\u00edda em 1814, ainda hoje ela representa uma realidade de suma import\u00e2ncia da Igreja.<\/p>\n<p>&nbsp;<\/p>\n<p>&nbsp;<\/p>\n","protected":false},"excerpt":{"rendered":"<p>Claudio Ferlan&#8217;s one-volume history of the Jesuits&#8211;first published in Italian as\u00a0I gesuiti&#8211;has been translated into Portuguese. &nbsp; Os Jesu\u00edtas\u00a0is a 208-page summary of the Society of Jesus, from Ignatius of Loyola and the founding of the religious order to the election of Pope Francis. &nbsp; More information about the original publication is available on the [&hellip;]<\/p>\n","protected":false},"author":127185,"featured_media":4819,"parent":888,"menu_order":0,"comment_status":"closed","ping_status":"closed","template":"page-standard.php","meta":{"footnotes":""},"class_list":["post-4374","page","type-page","status-publish","has-post-thumbnail","hentry"],"_links":{"self":[{"href":"https:\/\/sites.bc.edu\/jesuitportal-recovery\/index.php?rest_route=\/wp\/v2\/pages\/4374","targetHints":{"allow":["GET"]}}],"collection":[{"href":"https:\/\/sites.bc.edu\/jesuitportal-recovery\/index.php?rest_route=\/wp\/v2\/pages"}],"about":[{"href":"https:\/\/sites.bc.edu\/jesuitportal-recovery\/index.php?rest_route=\/wp\/v2\/types\/page"}],"author":[{"embeddable":true,"href":"https:\/\/sites.bc.edu\/jesuitportal-recovery\/index.php?rest_route=\/wp\/v2\/users\/127185"}],"replies":[{"embeddable":true,"href":"https:\/\/sites.bc.edu\/jesuitportal-recovery\/index.php?rest_route=%2Fwp%2Fv2%2Fcomments&post=4374"}],"version-history":[{"count":2,"href":"https:\/\/sites.bc.edu\/jesuitportal-recovery\/index.php?rest_route=\/wp\/v2\/pages\/4374\/revisions"}],"predecessor-version":[{"id":4377,"href":"https:\/\/sites.bc.edu\/jesuitportal-recovery\/index.php?rest_route=\/wp\/v2\/pages\/4374\/revisions\/4377"}],"up":[{"embeddable":true,"href":"https:\/\/sites.bc.edu\/jesuitportal-recovery\/index.php?rest_route=\/wp\/v2\/pages\/888"}],"wp:featuredmedia":[{"embeddable":true,"href":"https:\/\/sites.bc.edu\/jesuitportal-recovery\/index.php?rest_route=\/wp\/v2\/media\/4819"}],"wp:attachment":[{"href":"https:\/\/sites.bc.edu\/jesuitportal-recovery\/index.php?rest_route=%2Fwp%2Fv2%2Fmedia&parent=4374"}],"curies":[{"name":"wp","href":"https:\/\/api.w.org\/{rel}","templated":true}]}}