{"id":3723,"date":"2018-04-18T13:08:59","date_gmt":"2018-04-18T13:08:59","guid":{"rendered":"https:\/\/sites.bc.edu\/jesuitportal-recovery\/?page_id=3723"},"modified":"2019-01-04T14:00:59","modified_gmt":"2019-01-04T14:00:59","slug":"april-2018-new-essential-writings-of-the-first-jesuits-available","status":"publish","type":"page","link":"https:\/\/sites.bc.edu\/jesuitportal-recovery\/?page_id=3723","title":{"rendered":"April 2018: New Essential Writings of the First Jesuits Available"},"content":{"rendered":"<p>Grupo de Espiritualidad Ignaciana (the Ignatian Spirituality Group) has published a new collection of writings by the first Jesuits.\u00a0<a href=\"https:\/\/gcloyola.com\/es\/manresa\/3043-escritos-primeros-jesuitas.html\" target=\"_blank\" rel=\"noopener\"><strong>Escritos esenciales de los primeros jesuitas. De Ignacio a Ribadeneira<\/strong><\/a>\u00a0includes writings on doctrine and spirituality by Ignatius and his nine companions in Paris as well as other early Jesuits&#8211;such as Francis Borgia, Jer\u00f3nimo Nadal, Juan Alfonso de Polanco,\u00a0Lu\u00eds Gon\u00e7alves da C\u00e2mara, Peter Canisius, Baltasar \u00c1lvarez, Antonio Cordeses, Everard Mercurian, and Pedro de Ribadeneira. The volume also features materials from the first three <a href=\"https:\/\/sites.bc.edu\/jesuitportal-recovery\/research\/general-congregations\/\" target=\"_blank\" rel=\"noopener\">General Congregations of the Society of Jesus<\/a>.<\/p>\n<p>&nbsp;<\/p>\n<p>The Spanish and Italian scholars of Grupo de Espiritualidad Ignaciana contributing to this volume are:<\/p>\n<p>&#8212; Jos\u00e9 Garc\u00eda de Castro, S.J. (the coordinator of the project)<\/p>\n<p>&#8212; J. Carlos Coupeau, S.J.<\/p>\n<p>&#8212; Pascual Cebollada, S.J.<\/p>\n<p>&#8212; Javier Melloni, S.J.<\/p>\n<p>&#8212; Diego M. Molina, S.J.<\/p>\n<p>&#8212; Secondo Bongiovanni, S.J.<\/p>\n<p>&nbsp;<\/p>\n<p>More information about this title is available at the <a href=\"https:\/\/gcloyola.com\/es\/manresa\/3043-escritos-primeros-jesuitas.html\" target=\"_blank\" rel=\"noopener\">Loyola Grupo de Comunici\u00f3n<\/a> and the <a href=\"https:\/\/jesuits.eu\/news\/516-essential-writings-of-the-first-jesuits\" target=\"_blank\" rel=\"noopener\">Society of Jesus in Europe<\/a>.<\/p>\n","protected":false},"excerpt":{"rendered":"<p>Grupo de Espiritualidad Ignaciana (the Ignatian Spirituality Group) has published a new collection of writings by the first Jesuits.\u00a0Escritos esenciales de los primeros jesuitas. De Ignacio a Ribadeneira\u00a0includes writings on doctrine and spirituality by Ignatius and his nine companions in Paris as well as other early Jesuits&#8211;such as Francis Borgia, Jer\u00f3nimo Nadal, Juan Alfonso de [&hellip;]<\/p>\n","protected":false},"author":127185,"featured_media":4815,"parent":888,"menu_order":0,"comment_status":"closed","ping_status":"closed","template":"page-standard.php","meta":{"footnotes":""},"class_list":["post-3723","page","type-page","status-publish","has-post-thumbnail","hentry"],"_links":{"self":[{"href":"https:\/\/sites.bc.edu\/jesuitportal-recovery\/index.php?rest_route=\/wp\/v2\/pages\/3723","targetHints":{"allow":["GET"]}}],"collection":[{"href":"https:\/\/sites.bc.edu\/jesuitportal-recovery\/index.php?rest_route=\/wp\/v2\/pages"}],"about":[{"href":"https:\/\/sites.bc.edu\/jesuitportal-recovery\/index.php?rest_route=\/wp\/v2\/types\/page"}],"author":[{"embeddable":true,"href":"https:\/\/sites.bc.edu\/jesuitportal-recovery\/index.php?rest_route=\/wp\/v2\/users\/127185"}],"replies":[{"embeddable":true,"href":"https:\/\/sites.bc.edu\/jesuitportal-recovery\/index.php?rest_route=%2Fwp%2Fv2%2Fcomments&post=3723"}],"version-history":[{"count":1,"href":"https:\/\/sites.bc.edu\/jesuitportal-recovery\/index.php?rest_route=\/wp\/v2\/pages\/3723\/revisions"}],"predecessor-version":[{"id":3725,"href":"https:\/\/sites.bc.edu\/jesuitportal-recovery\/index.php?rest_route=\/wp\/v2\/pages\/3723\/revisions\/3725"}],"up":[{"embeddable":true,"href":"https:\/\/sites.bc.edu\/jesuitportal-recovery\/index.php?rest_route=\/wp\/v2\/pages\/888"}],"wp:featuredmedia":[{"embeddable":true,"href":"https:\/\/sites.bc.edu\/jesuitportal-recovery\/index.php?rest_route=\/wp\/v2\/media\/4815"}],"wp:attachment":[{"href":"https:\/\/sites.bc.edu\/jesuitportal-recovery\/index.php?rest_route=%2Fwp%2Fv2%2Fmedia&parent=3723"}],"curies":[{"name":"wp","href":"https:\/\/api.w.org\/{rel}","templated":true}]}}